{"version":"1.0","provider_name":"Revista Azul y Verde n\u00ba 40","provider_url":"https:\/\/revistaazulyverde.com\/ediciones\/40","author_name":"labsgrup_david","author_url":"https:\/\/revistaazulyverde.com\/ediciones\/40\/author\/labsgrup_david\/","title":"Convivencia de generaciones para avanzar conjuntamente - Revista Azul y Verde n\u00ba 40","type":"rich","width":600,"height":338,"html":"<blockquote class=\"wp-embedded-content\" data-secret=\"CzD5KMotkn\"><a href=\"https:\/\/revistaazulyverde.com\/ediciones\/40\/ayn-numero-40-de-persona-a-persona\/\">Convivencia de generaciones para avanzar conjuntamente<\/a><\/blockquote><iframe sandbox=\"allow-scripts\" security=\"restricted\" src=\"https:\/\/revistaazulyverde.com\/ediciones\/40\/ayn-numero-40-de-persona-a-persona\/embed\/#?secret=CzD5KMotkn\" width=\"600\" height=\"338\" title=\"\u00abConvivencia de generaciones para avanzar conjuntamente\u00bb \u2014 Revista Azul y Verde n\u00ba 40\" data-secret=\"CzD5KMotkn\" frameborder=\"0\" marginwidth=\"0\" marginheight=\"0\" scrolling=\"no\" class=\"wp-embedded-content\"><\/iframe><script type=\"text\/javascript\">\n\/* <![CDATA[ *\/\n\/*! This file is auto-generated *\/\n!function(d,l){\"use strict\";l.querySelector&&d.addEventListener&&\"undefined\"!=typeof URL&&(d.wp=d.wp||{},d.wp.receiveEmbedMessage||(d.wp.receiveEmbedMessage=function(e){var t=e.data;if((t||t.secret||t.message||t.value)&&!\/[^a-zA-Z0-9]\/.test(t.secret)){for(var s,r,n,a=l.querySelectorAll('iframe[data-secret=\"'+t.secret+'\"]'),o=l.querySelectorAll('blockquote[data-secret=\"'+t.secret+'\"]'),c=new RegExp(\"^https?:$\",\"i\"),i=0;i<o.length;i++)o[i].style.display=\"none\";for(i=0;i<a.length;i++)s=a[i],e.source===s.contentWindow&&(s.removeAttribute(\"style\"),\"height\"===t.message?(1e3<(r=parseInt(t.value,10))?r=1e3:~~r<200&&(r=200),s.height=r):\"link\"===t.message&&(r=new URL(s.getAttribute(\"src\")),n=new URL(t.value),c.test(n.protocol))&&n.host===r.host&&l.activeElement===s&&(d.top.location.href=t.value))}},d.addEventListener(\"message\",d.wp.receiveEmbedMessage,!1),l.addEventListener(\"DOMContentLoaded\",function(){for(var e,t,s=l.querySelectorAll(\"iframe.wp-embedded-content\"),r=0;r<s.length;r++)(t=(e=s[r]).getAttribute(\"data-secret\"))||(t=Math.random().toString(36).substring(2,12),e.src+=\"#?secret=\"+t,e.setAttribute(\"data-secret\",t)),e.contentWindow.postMessage({message:\"ready\",secret:t},\"*\")},!1)))}(window,document);\n\/\/# sourceURL=https:\/\/revistaazulyverde.com\/ediciones\/40\/wp-includes\/js\/wp-embed.min.js\n\/* ]]> *\/\n<\/script>\n","thumbnail_url":"https:\/\/revistaazulyverde.com\/ediciones\/40\/wp-content\/uploads\/sites\/2\/2020\/03\/personas-destacada.jpg","thumbnail_width":550,"thumbnail_height":700,"description":"[vc_row full_width=\u00bbstretch_row_content\u00bb el_class=\u00bbvisible\u00bb el_id=\u00bbheader-post\u00bb][vc_column][vc_column_text el_class=\u00bbamarillo\u00bb] [\/vc_column_text][vc_custom_heading source=\u00bbpost_title\u00bb font_container=\u00bbtag:h1|font_size:80px|text_align:center|color:%23ffffff\u00bb google_fonts=\u00bbfont_family:PT%20Serif%3Aregular%2Citalic%2C700%2C700italic|font_style:700%20bold%20italic%3A700%3Aitalic\u00bb el_class=\u00bblowercase\u00bb css=\u00bb.vc_custom_1584089087679{margin-top: 0px !important;margin-bottom: 0px !important;}\u00bb][\/vc_column][\/vc_row][vc_row el_class=\u00bbmw965&#8243; css=\u00bb.vc_custom_1584089378705{padding-top: 40px !important;}\u00bb][vc_column][vc_column_text]La convivencia e interrelaci\u00f3n de diversas generaciones con inquietudes y perfiles distintos dentro de una organizaci\u00f3n no s\u00f3lo supone un reto para [&hellip;]"}

Revista Azul y Verde nº 40

Convivencia de generaciones para avanzar conjuntamente - Revista Azul y Verde nº 40

<blockquote class="wp-embedded-content" data-secret="CzD5KMotkn"><a href="https://revistaazulyverde.com/ediciones/40/ayn-numero-40-de-persona-a-persona/">Convivencia de generaciones para avanzar conjuntamente</a></blockquote><iframe sandbox="allow-scripts" security="restricted" src="https://revistaazulyverde.com/ediciones/40/ayn-numero-40-de-persona-a-persona/embed/#?secret=CzD5KMotkn" width="600" height="338" title="«Convivencia de generaciones para avanzar conjuntamente» — Revista Azul y Verde nº 40" data-secret="CzD5KMotkn" frameborder="0" marginwidth="0" marginheight="0" scrolling="no" class="wp-embedded-content"></iframe><script type="text/javascript">
/* <![CDATA[ */
/*! This file is auto-generated */
!function(d,l){"use strict";l.querySelector&&d.addEventListener&&"undefined"!=typeof URL&&(d.wp=d.wp||{},d.wp.receiveEmbedMessage||(d.wp.receiveEmbedMessage=function(e){var t=e.data;if((t||t.secret||t.message||t.value)&&!/[^a-zA-Z0-9]/.test(t.secret)){for(var s,r,n,a=l.querySelectorAll('iframe[data-secret="'+t.secret+'"]'),o=l.querySelectorAll('blockquote[data-secret="'+t.secret+'"]'),c=new RegExp("^https?:$","i"),i=0;i<o.length;i++)o[i].style.display="none";for(i=0;i<a.length;i++)s=a[i],e.source===s.contentWindow&&(s.removeAttribute("style"),"height"===t.message?(1e3<(r=parseInt(t.value,10))?r=1e3:~~r<200&&(r=200),s.height=r):"link"===t.message&&(r=new URL(s.getAttribute("src")),n=new URL(t.value),c.test(n.protocol))&&n.host===r.host&&l.activeElement===s&&(d.top.location.href=t.value))}},d.addEventListener("message",d.wp.receiveEmbedMessage,!1),l.addEventListener("DOMContentLoaded",function(){for(var e,t,s=l.querySelectorAll("iframe.wp-embedded-content"),r=0;r<s.length;r++)(t=(e=s[r]).getAttribute("data-secret"))||(t=Math.random().toString(36).substring(2,12),e.src+="#?secret="+t,e.setAttribute("data-secret",t)),e.contentWindow.postMessage({message:"ready",secret:t},"*")},!1)))}(window,document);
//# sourceURL=https://revistaazulyverde.com/ediciones/40/wp-includes/js/wp-embed.min.js
/* ]]> */
</script>

[vc_row full_width=»stretch_row_content» el_class=»visible» el_id=»header-post»][vc_column][vc_column_text el_class=»amarillo»] [/vc_column_text][vc_custom_heading source=»post_title» font_container=»tag:h1|font_size:80px|text_align:center|color:%23ffffff» google_fonts=»font_family:PT%20Serif%3Aregular%2Citalic%2C700%2C700italic|font_style:700%20bold%20italic%3A700%3Aitalic» el_class=»lowercase» css=».vc_custom_1584089087679{margin-top: 0px !important;margin-bottom: 0px !important;}»][/vc_column][/vc_row][vc_row el_class=»mw965&#8243; css=».vc_custom_1584089378705{padding-top: 40px !important;}»][vc_column][vc_column_text]La convivencia e interrelación de diversas generaciones con inquietudes y perfiles distintos dentro de una organización no sólo supone un reto para [&hellip;]
